reatest common factor of 351 and t.
13
Suppose -4429*d = -4413*d - 992. Suppose 3*v - 6 = v. Suppose q + v*q = 124. What is the greatest common divisor of q and d?
31
Suppose -7*t = -1221 + 815. What is the greatest common divisor of 551 and t?
29
Suppose 5*u - 733 = u + 3*y, 0 = 4*u + 4*y - 768. Let m(d) = 2*d - 3. Let k be m(10). What is the highest common divisor of k and u?
17
Let a be 6 - (12/1)/3. Suppose -a*m = -8 - 22. What is the highest common factor of 165 and m?
15
Let w = 391 - 166. Suppose d = 10*t - 8*t + 29, 4*d - 5*t - 110 = 0. What is the highest common divisor of d and w?
25
Let a(i) = i**2 - 22*i + 78. Let l be a(19). What is the highest common factor of 336 and l?
21
Let x = -77 - -94. Suppose 2*f = 4*q - 136, 0 = 3*q + 3*f + 12 - 105. Let p = q - x. What is the greatest common divisor of 48 and p?
16
Suppose 84 = 5*m - 3*m. Suppose 3*s = -2*s. Suppose s = j + 3*j - 28. Calculate the highest common divisor of m and j.
7
Let q(s) = 2*s**3 - 34*s**2 + s + 23. Let l be q(17). What is the greatest common factor of 350 and l?
10
Suppose 5*n - 1 = 59. Let g = -582 + 606. Calculate the greatest common divisor of g and n.
12
Suppose 4*m - 49 + 5 = 0. Calculate the highest common factor of m and 176.
11
Let p(c) = 12*c - 400. Let v be p(36). What is the highest common factor of 736 and v?
32
Let m be 2 + (-5 - (-61 + 3 - 5)). Calculate the highest common factor of m and 12.
12
Suppose l = -3*l - 8. Let h(q) = -1 - 7*q - 2 + 4*q. Let x be h(l). Calculate the greatest common factor of x and 33.
3
Suppose -y + 152 = 4*z, -5*y = -5*z - 249 - 561. Calculate the highest common factor of 5 and y.
5
Let s be ((-70)/(-49))/((-1)/8)*-7. What is the greatest common divisor of s and 240?
80
Let r = -8 - -8. Let g be r/2*(-4 - -5). Suppose -3*b + 3*i + 171 = 0, g = b - 5*i - 77 + 16. Calculate the highest common divisor of 8 and b.
8
Let b be ((-2 - -235) + -2)*(-3)/(-3). Calculate the greatest common divisor of 66 and b.
33
Let o = -15 - -21. Suppose -o*s + 3*s + 225 = 0. Let p = -10 + 25. What is the highest common factor of p and s?
15
Let j be 12 + -21 - 2 - -1031. What is the highest common factor of j and 306?
102
Let w = 63 + -36. Suppose -4*u = -33 - w. What is the greatest common divisor of u and 15?
15
Suppose -2*l + 3*i + 228 = 0, 13*i - 560 = -5*l + 18*i. Calculate the greatest common factor of 8 and l.
4
Suppose 6*d = -25*d + 4371. Calculate the greatest common divisor of 3 and d.
3
Let r be (3/(-1) + 2)*6. Let m be 6 + 10/15*r. Suppose 0 = -m*n + 5 + 23. What is the highest common divisor of n and 70?
14
Let u = -213 + 234. What is the highest common divisor of u and 49?
7
Let i = -38 + 41. Suppose 3*q = -4*m + q + 540, 278 = 2*m - i*q. What is the highest common factor of m and 34?
34
Let p be (6 - 5)/(3/54). What is the greatest common factor of p and 9?
9
Suppose -249 = -5*x + h + 1459, 4*x = -2*h + 1386. Let t be (-2 - 0)/((-6)/147). Calculate the greatest common factor of t and x.
49
Let f = 15 - 21. Let t = f - -15. Let w = 19 + t. What is the greatest common factor of 4 and w?
4
Suppose 4*s - s = -2*q - 2, -3*s = -4*q - 22. Suppose 2*u + s*k = -k + 2, -1 = -u - 5*k. What is the greatest common factor of u and 1?
1
Suppose -5*m = -3*m - 128. Suppose -w + 5*i + 7 = -3*w, 4*w + 4*i = 4. What is the highest common factor of m and w?
4
Let f = 249 + -11. What is the greatest common divisor of f and 56?
14
Let c = -75 + 82. Let v = -52 + 87. Suppose -3*t = 2*t - v. What is the highest common divisor of c and t?
7
Let m = -376 + 587. Let k = m - 147. What is the highest common factor of k and 16?
16
Suppose 4*n - 8*n + 96 = 0. Suppose n = 2*f + t, 2*f + t + t = 24. Calculate the greatest common factor of f and 2.
2
Suppose 0*o = 5*o - 220. Suppose -43*d - 6 = -o*d. What is the highest common factor of d and 1?
1
Suppose -4*z = 2*b + 2*b - 72, z = -3*b + 14. Let w = 19 + -15. Calculate the highest common divisor of w and z.
4
Suppose -q + 920 = 5*s, 3*s + 4*q - 2*q = 559. What is the highest common factor of s and 244?
61
Let i(n) = n**3 - 8*n**2 + 9*n + 1. Let b be i(7). Let a be (8/(-4) - -4)*16. Let g be b/(-4)*a/(-12). What is the greatest common divisor of g and 40?
10
Let c be (2 - (-28)/42)*3/4. What is the highest common factor of c and 106?
2
Suppose k = -33 + 41. Let t be (6/5)/((-15)/(-100)). What is the greatest common divisor of t and k?
8
Suppose 4*q + j = 484 - 31, -j = -2*q + 219. Let o = 21 + 13. Suppose 4*b = 0, 2*v + b - o = -2. Calculate the greatest common factor of q and v.
16
Let k be (-1 - (-3 - -5))/(-1). Let u(f) = 6*f - 6. Let o be u(k). Suppose 5*z - 68 = 352. What is the greatest common divisor of o and z?
12
Let p = 33 + 11. Let m = 73 - 7. Calculate the highest common divisor of p and m.
22
Let l(k) = -2*k**2 + 39*k - 33. Let x be l(17). Suppose -6*i + x = -14. What is the highest common divisor of i and 176?
11
Let v = 2104 + -172. Calculate the greatest common divisor of v and 23.
23
Let q = -11 + 46. Let d = q - 30. What is the greatest common divisor of 10 and d?
5
Let f be 100/26 - (-8)/52. Suppose -g + 3*t - 16 = 0, 0*g - 2*g - 22 = -f*t. Let b be -3 + 8*4 + g. What is the highest common divisor of 7 and b?
7
Suppose 0 = j - 3*j + 6. Suppose -5*w + j*w + 696 = 0. Suppose -5*i + 2*i = -w. What is the greatest common factor of 29 and i?
29
Let k be ((-204)/170)/(3/(-75) - 0). Let l(h) = -6*h + 2. Let w be l(-3). What is the highest common factor of w and k?
10
Let m be (-2)/6 - 215/(-15). Let l = -29 - -57. What is the highest common divisor of l and m?
14
Let g = 11 - -4. Let a be (5 - 0)*(-2 + g). Calculate the highest common factor of 13 and a.
13
Suppose -2*k - 3*h + 459 = 0, -5*k + 1139 = -2*h + h. Let t = k + -147. What is the highest common divisor of t and 9?
9
Suppose 0 = -5*r + r - 2640. Let y be r/(-105) + -1 + 10/14. Calculate the highest common factor of 66 and y.
6
Let j be 3*(44/12 - 3). Suppose -8 = -j*l + 8. Calculate the highest common factor of l and 12.
4
Let w be (64/10)/((-78)/30 - -3). Calculate the highest common factor of w and 12.
4
Let p(h) = -2*h**3 - 3*h**2 - 2*h + 4. Let n be p(-3). Let v = n + -35. What is the highest common factor of 10 and v?
2
Suppose 3*c = 5*c - 164. Calculate the greatest common factor of c and 41.
41
Let y be (3*1/1)/1. Let a be (y - 7)*9/(-2). What is the highest common divisor of a and 45?
9
Suppose -33 = -9*d + 21. What is the highest common divisor of d and 78?
6
Suppose i + 3058 = 3378. What is the highest common factor of i and 20?
20
Let w = 1093 - 965. Calculate the highest common divisor of 8 and w.
8
Suppose -9 = -5*f + 2*f, -u + 31 = 5*f. Calculate the greatest common factor of 368 and u.
16
Suppose 2*j - 12 = 24. Let u = -5 + j. Let c(d) = d**2 - 9*d + 8. Let y be c(u). What is the greatest common divisor of 24 and y?
12
Suppose h - 1037 = -4*w, -2*w - 152*h + 153*h + 517 = 0. What is the highest common divisor of 37 and w?
37
Suppose 5*j = -2*t + 13, 6*t + 3 = 3*t. Suppose -k + 77 = j*k - f, -k + 28 = -2*f. Let y = 106 - -20. What is the highest common divisor of y and k?
18
Let s be ((-12)/15)/(-6 - 9444/(-1575)). What is the highest common factor of 84 and s?
42
Suppose 5*c = 402 - 62. Let q = 72 - c. Calculate the greatest common factor of q and 2.
2
Let u(p) = p**2 - p - 15. Let l be u(0). Let a = l - -41. Let r(z) = -z**2 + 14*z - 7. Let o be r(11). What is the greatest common divisor of a and o?
26
Let d be (-166)/(-7) + 4/14. Let p = d + -8. What is the greatest common divisor of p and 4?
4
Suppose -137 = -31*y + 49. What is the highest common factor of 5 and y?
1
Let x be (0 - -6)*27/(-18). Let d = -17 - x. Let o be 321/12 + 6/d. What is the greatest common factor of 104 and o?
26
Suppose -60 + 42 = -3*i. Calculate the highest common divisor of i and 38.
2
Let x = 140 + -96. Let u(i) = -2*i + 1. Let p(h) = 5*h - 2. Let g(a) = -6*p(a) - 17*u(a). Let y be g(4). What is the greatest common divisor of x and y?
11
Let x be (-6)/(-8) + 14/(-8). Let z be 6/(((-30)/8)/5). Let p = x - z. Calculate the highest common divisor of 49 and p.
7
Let x = -13 + 53. Let b = 74 - x. What is the greatest common divisor of 374 and b?
34
Let i be 3534/9 + -2 + 28/21. What is the greatest common factor of i and 40?
8
Suppose 6*y = 2*y + 2*y. 